 divided by (-3 - -1)*7/(-1)?
10
Let f(u) = -3*u - 5. Suppose 0 = -4*l - 1 + 25. Calculate the remainder when l is divided by f(-3).
2
Suppose 3*a - 397 = -s, -4*a - 4*s + 9*s = -504. What is the remainder when a is divided by 22?
21
Suppose 2*j = -j + 24. Let z be (-6)/9*3*-20. Let k = -18 + z. What is the remainder when k is divided by j?
6
Suppose 0 = o + 2*v - 17, -10*o + 2*v + 28 = -6*o. What is the remainder when o is divided by 7?
2
Let k(c) = 2*c**2 + 2. What is the remainder when k(-3) is divided by 11?
9
Let s = 39 + -17. Calculate the remainder when 42 is divided by s.
20
Let n = 61 - 38. Let b = n + -12. What is the remainder when 21 is divided by b?
10
Let t = -90 + 159. Calculate the remainder when t is divided by 5.
4
Suppose 2*p = 4*f + 234, 7*p - 4*p + 2*f = 391. Let n = -77 + p. Calculate the remainder when n is divided by 17.
16
Suppose 5*s - 3*r = 127, 3*s - 2*r - r - 81 = 0. Let v(z) = -6*z - 24. Calculate the remainder when s is divided by v(-6).
11
Let m(u) = -u**2 + 13*u. Calculate the remainder when m(10) is divided by 8.
6
Suppose 86 - 152 = -3*t. What is the remainder when 43 is divided by t?
21
Suppose 25 + 27 = 4*d. What is the remainder when 38 is divided by d?
12
Let g = 7 - 0. What is the remainder when 18 is divided by g?
4
Let f(r) = -r + 5. Let t be f(-3). Let d = t + 14. Calculate the remainder when d is divided by 8.
6
Let f = -10 + 2. Suppose -5*k + 4*k + 3*a = 15, 94 = -5*k - 4*a. Let d = f - k. What is the remainder when 28 is divided by d?
8
Let n = -1 - -3. Suppose -2*k - 48 = 3*s - 5*s, 0 = -n*s - 2*k + 28. What is the remainder when s is divided by 5?
4
Suppose -19 = -2*z - s + 47, 0 = -2*z - 2*s + 64. Suppose -z = b - 92. What is the remainder when b is divided by 15?
13
Suppose -33 - 9 = -3*o. Suppose -4*q + 15 = -q - n, 4*q - 28 = 4*n. What is the remainder when o is divided by q?
2
Suppose -300 = -2*i - 2*z, -3*i + 3*z + 425 = z. What is the remainder when i is divided by 30?
25
Suppose 4*q - 34 = 22. Calculate the remainder when 25 is divided by q.
11
Suppose -20 - 57 = -z. What is the remainder when z is divided by 39?
38
What is the remainder when 84/8*(1 + 20/28) is divided by 11?
7
Suppose 7*v + 1 - 106 = 0. What is the remainder when 28 is divided by v?
13
Let t(p) = 8*p - 2. Suppose 5*c = -6*m + m - 10, -5*c = -m - 8. Let k = m + 19. What is the remainder when t(4) is divided by k?
14
Let t(i) be the first derivative of i**3/3 + i**2/2 - 3*i - 1. What is the remainder when 9 is divided by t(-3)?
0
Suppose 3*b - 15 = -o, 51 = 4*b - 4*o + 15. Suppose 0*t - 7 = -2*t - 3*l, -31 = -t + 4*l. Calculate the remainder when t is divided by b.
5
Suppose -x - 64 = x. Calculate the remainder when x/6*(-84)/16 is divided by 10.
8
Let t(a) be the second derivative of -a**5/20 - a**4/3 - 7*a**3/6 - 5*a**2/2 + 3*a. What is the remainder when t(-4) is divided by 6?
5
Suppose 25 = 7*t - 31. What is the remainder when 47 is divided by t?
7
Let d(r) = -r**3 - 8*r**2 + 9*r + 10. What is the remainder when 27 is divided by d(-9)?
7
Let g = 33 + -19. Suppose 2*h = -x + 76, -73 = -3*h + 2*x + 55. What is the remainder when h is divided by g?
12
Let d = 11 - 6. Suppose d*v + c + c - 38 = 0, -2*v - 4*c = -28. What is the remainder when 16 is divided by v?
4
Suppose z + j + 44 = 0, 0*j + j + 138 = -3*z. Let v = z + 82. Suppose 5*k + o - v = 0, -43 - 12 = -5*k - 5*o. Calculate the remainder when 10 is divided by k.
4
Suppose -2*c - 2*m = -38, -3*m + 2*m = 5*c - 75. Calculate the remainder when 41 is divided by c.
13
Let m(l) = 2*l**2 - 6*l - 6. Let r be m(-5). Let v = -45 + r. What is the remainder when v is divided by 8?
5
Let v be 20/6 - (-2)/(-6). Suppose y = -2, -2*s + v*y = -19 - 31. Calculate the remainder when s is divided by -8*((-21)/(-2))/(-7).
10
Let l = 140 + 29. Let u = l - 115. Calculate the remainder when u is divided by 19.
16
Let u(a) = a**3 - 2*a**2 + 2*a - 2. Let v be u(2). Let h(g) = 2 - g**v - 4 + 2*g**2. What is the remainder when 40 is divided by h(-4)?
12
Suppose 6*u = 3*u + 105. Suppose -7 + u = w. Calculate the remainder when w is divided by 10.
8
Let n(j) = -36*j - 9. What is the remainder when n(-6) is divided by 52?
51
Let w(d) = d**2 + d - 2. Calculate the remainder when 15 is divided by w(-3).
3
Let g(x) = x**2 + 8*x - 14. Let z be g(-11). Suppose -30 = -t + z. What is the remainder when t is divided by 17?
15
Let s(w) = -3*w**3 + w**2 + w. Suppose 4*k - 40 = 5*n, -k - 3*n = k + 2. What is the remainder when k is divided by s(-1)?
2
Let p be -8 + 1 + (-1 - -1). Let q be 4*p*24/(-28). Suppose -4*o = -u + q, 5*o + 5 = -3*u - 2*u. What is the remainder when 10 is divided by u?
2
Let n(i) = i + 17. Calculate the remainder when 21 is divided by n(-6).
10
Suppose -25 = 4*i - 9. Let r = 12 + i. Calculate the remainder when 23 is divided by r.
7
Suppose 5*d - 5*w = 145, 57 - 178 = -4*d + 5*w. What is the remainder when 95 is divided by d?
23
Suppose 11 = -66*g + 67*g. What is the remainder when g is divided by 2?
1
Suppose 2*j + 2*j + 5*a = 253, 2*a = -5*j + 312. Suppose -52 = -3*w + 17. Let h = j - w. What is the remainder when h is divided by 10?
9
Let y = 74 - 58. What is the remainder when 126 is divided by y?
14
Let x = 0 - -8. Calculate the remainder when 29 is divided by x.
5
Let u(o) = -o**3 + 5*o**2 - 4*o + 8. What is the remainder when 18 is divided by u(4)?
2
Let z be -1 + (-2 - 8/(-1)). What is the remainder when 20 is divided by (-5)/2*(-22)/z?
9
Calculate the remainder when 440/15*(-3)/(-1) is divided by 23.
19
Let n be 2/(-6) - 70/(-3). Suppose -4 = -3*q + n. What is the remainder when q is divided by 5?
4
Let y = -46 + 93. Calculate the remainder when y is divided by 13.
8
What is the remainder when 1 + 15/(-12) + (-11606)/(-56) is divided by 30?
27
Let u = -11 + 15. Suppose 22*o + 7*o - 319 = 0. What is the remainder when o is divided by u?
3
Let b be 3 + (-2)/(1 + 1). Suppose -4*s - 19 = -x, -b*x + 85 = x - 5*s. Let c = 45 - 26. Calculate the remainder when x is divided by c.
16
Let v = -8 - -3. Let j = v + 13. Calculate the remainder when 20 is divided by j.
4
Let r(j) = 2*j + 4. Let k = -3 + 7. Let i be r(k). Calculate the remainder when ((-153)/i)/((-6)/16) is divided by 12.
10
Let v(q) = -q**3 - 6*q**2 - 2*q - 7. Let b be v(-6). Let d = -14 + 24. Calculate the remainder when (145/b)/((-1)/(-1)) is divided by d.
9
Let s(w) = 2*w - 6. What is the remainder when 22 is divided by s(7)?
6
Suppose 6*k - 5*k - 16 = 0. Calculate the remainder when 45 is divided by k.
13
Let g = 13 + -6. Suppose g*v + 45 = 304. Calculate the remainder when v is divided by 10.
7
Suppose -12 = 3*g + 4*r, -g + 5*r + 18 = 3. Suppose 3*j = -g*j + 36. What is the remainder when 22 is divided by j?
10
Suppose 3*k + 2*k = 145. Let j(c) = -c**2 + 6*c + 1. Calculate the remainder when k is divided by j(3).
9
Suppose 3*w - 56 = -5*u + 7*w, 36 = 5*u + w. Suppose o + o = u. Calculate the remainder when 9 is divided by o.
1
Let v = 22 + -12. What is the remainder when 28 is divided by v?
8
Suppose -5*j + 49 = -3*l, 5*j + 4*l - 15 = 13. What is the remainder when 27 is divided by j?
3
Let f = 77 - 16. Calculate the remainder when f is divided by 4.
1
Let l = 57 + -30. Calculate the remainder when 51 is divided by l.
24
Let a(y) be the second derivative of y**4/12 + 2*y**3/3 + y**2/2 + 5*y. Calculate the remainder when a(6) is divided by 16.
13
Suppose 4*n + 5*q - 192 = 3*q, -5*n + 242 = 2*q. Let j(h) = h**3 - 4*h**2 - 7*h - 4. What is the remainder when n is divided by j(6)?
24
Let n = -35 - -38. What is the remainder when 7 is divided by n?
1
Calculate the remainder when 25 is divided by -2*3*(-3)/2.
7
Let x(t) = -8*t + 2. What is the remainder when x(-12) is divided by 25?
23
Let p(b) = -b**2 + 13*b + 7. Let w = 30 - -5. What is the remainder when w is divided by p(12)?
16
Suppose 2 - 12 = -5*y. Let j be 1/3 + 24/(-18). Let g = j + y. What is the remainder when g is divided by 1?
0
Calculate the remainder when 45 is divided by -121*(-2)/14 - 10/35.
11
Let x be (-1)/1*(-2 - -1). Let p(j) = -2*j**2 - j - 3. Let t(a) = a**2 + 1. Let y(h) = p(h) + 4*t(h). What is the remainder when y(x) is divided by 1?
0
Let j be 5 - (-3)/(-1) - -7. Suppose w + j = 4*w. Suppose w*o = 12 - 0. Calculate the remainder when 10 is 